he value of 5 + -53 + 31 - -20?
3
Evaluate -18 + 6 - -4 - (2 + -21 + 9).
2
What is the value of -10 + 11 - (19 + 108 + -23) - 6?
-109
Calculate (14 + -16 - 9 - -18) + -20.
-13
What is -11 - (20 + -11 + -34 + -4)?
18
Evaluate -34 + -1 + 4 + 14 + -15 + -17 + 14.
-35
Calculate -6 - (-142 + 15 + 26 + 33).
62
What is the value of -14 + (6 + 4 - -20) + -23 + 69?
62
Evaluate 53 + (51 - 5) + -161.
-62
What is the value of -34 + (83 - 31) + 17?
35
What is the value of -118 - -114 - (-34 + 3) - -14?
41
-41 + ((24 - 7) + -18 - 33)
-75
Calculate 0 + -84 - (-49 - (136 - 175)).
-74
-3 + 33 - 54 - -4
-20
Evaluate -33 + -126 - (-21 + -55).
-83
-655 + 648 - (45 + -2)
-50
Evaluate 31 - (-12 + (-10 - -6)).
47
Evaluate 5291 + -5265 + (2 - (5 + (-3 + 6 - 5))).
25
What is the value of 18 - 0 - (50 - (8 - 23))?
-47
155 + -34 + 9 + (3 - 9 - (3 + -3))
124
Calculate (-44 - -29 - 18) + 29 - -68.
64
Calculate -13 - -1 - (-14 - 1 - (930 - 948)).
-15
What is the value of (-12 - 0 - (-6 - 1)) + (10 - 0)?
5
What is 0 - 3 - (16 + 39 + -17 + 2)?
-43
What is -13 - (-10 + 19 - 20) - ((-3 - -86) + 4)?
-89
What is the value of -14 + (-28 - -26) + 23 - (5 + -3 + -29)?
34
Evaluate -28 + 0 - (59 + -36 + -30) - -10.
-11
What is the value of 2 + (7 - 11) + 6 + -5 + -4 + 9?
4
What is -137 + -1 + 219 + -210 + 24?
-105
-14 - (-17 + 60) - (-8 - (-1 - 4) - -14)
-68
What is the value of -18 - -8 - -1 - (-16 - (32 - 50))?
-11
Calculate 3 + -22 + (47 + -1 - 56).
-29
(139 - 239) + (-16 - -76)
-40
-33 - -34 - (15 - -12 - -26)
-52
(3 + -3 - (-12 - 1)) + -14151 + 14032
-106
Evaluate (11 - -29) + -40 + (-1 - -4 - 2).
1
What is the value of 11 + (11 + -1 - (37 - 1) - -12)?
-3
Evaluate -1 + -23 - (-42 + 98 + -36).
-44
What is 158 - ((280 - 145) + -14)?
37
Evaluate (-80 - 16) + -369 + 555.
90
Evaluate -12 - (-22 - (-3 + -12)) - -42.
37
What is the value of -10 - (34 - (2 + 15) - -6)?
-33
5 + (-10 - (-9 - 26)) - ((-4 - -10) + -5)
29
Evaluate -2 + -24 - (3 - (2 + -5)).
-32
What is -1 - (25 + -1 - (33 + 2 + -231 + 203))?
-18
Calculate -5 + 4 + 4 + -10 + 9 + 16 + -22.
-4
(-14 - 0) + (0 - -1) + -110 + 45 + 61
-17
What is 1 + 5 + (-3 + -24 - -11) - (10 - -3)?
-23
Calculate -1458 - -1467 - (0 + -1 + (2 - 1) - -69).
-60
Calculate (4 - (15 + 13 + 13)) + 18.
-19
-118 + -5 + 216 + (0 - 14)
79
14 - (11 + -12 + (3 - 2 - (34 + -29)))
19
What is 0 + 8 + 7 + 5 + (17 - 16) + -13?
8
What is the value of -143 + 159 + (-6 - -1) + -9 + -13 + 0?
-11
Evaluate (1 - -4) + -3 + -7 + 0 + (44 - 3).
36
57 + -4 - 1 - (172 + -148)
28
-188 - -200 - ((10 - 10) + (-14 - (-3 - -1)))
24
-27 + -7 + 4 + (9 - -1) + (1 - 6)
-25
Evaluate (-1 - -23) + -12 + 25 + (62 - 72).
25
What is the value of (4 - (10 - (-10 + 30) - -5)) + 23 + -1?
31
Evaluate 44 - (-5 + -1 - (-24 + 20 + 1)).
47
(-24 - (-73 - (13 - 21))) + 10
51
What is -12 - (21 + -63 + -13 + 12)?
31
What is the value of 28 + -4 + -11 + -3 + 1?
11
1 + -10 - (-10 + 68 + -588 + 578)
-57
Calculate 1 + -105 + -34 + 75 + -9.
-72
What is (-10 - (24 + -31 + 21)) + -55?
-79
What is -1169 + 1075 - (-140 - -4)?
42
What is 0 + 2 - (-2100 - -2149)?
-47
Evaluate (20 - (-3 + 21 + -104 + 96)) + -8.
2
What is the value of 3 + -1 + 5 - (-437 - -411) - (0 - 3)?
36
Calculate (4 - 9) + 1 - (97 + -99) - 3.
-5
What is the value of -11 - 6 - (-40 + 24 - -20)?
-21
Calculate 0 - (53 + 155 + -351).
143
What is the value of 0 + -6 - -19 - (-22 - -6 - (-6 - 2))?
21
(-44 - (12 - (7 + -1))) + (-7 - 11)
-68
1 - -13 - ((-19 - (-56 - -57)) + -15)
49
What is the value of 167 - 129 - (-6 - -47) - (-7 + (-2 - -1))?
5
What is 7 - (12 - (-4 + 4 + 59))?
54
0 + 1 + 0 + (17 - 94) + 96
20
Calculate -36 + (-13 - -114) + -57.
8
154 + -110 - (18 - 10)
36
36 + (-3 - -21 - (335 - 343))
62
Calculate -7 - (-14 - 5) - (-16 - (7 + -20 + 1)).
16
What is the value of -1 + 0 + ((1 - 4) + 3 - (-2541 - -2529))?
11
What is 39 + (22 - 59) + 42 + -7?
37
What is the value of -2 + (-35 - (19 + -29)) - (-9 + 0)?
-18
18 - (127 + -81 - (14 - -8))
-6
What is -6 + 12 - -12 - (-9 - -11)?
16
Evaluate (-216 - (-99 + -167)) + (-30 - -1).
21
What is (823 + -806 - (4 - (-2 - -4))) + 4?
19
What is 39 + -55 + 9 + -45 + -1 + 1 + -2?
-54
-9 + (14 - -3) + (14 - 34)
-12
What is the value of (35 + -47 - (-3 + (-2 - -11))) + -121?
-139
What is 26 + -80 + 44 + 2 + (1 - -43 - 1)?
35
Calculate 4318 + -4428 - (-1 + -47).
-62
Calculate 5 + 0 + -2 + (2 - (-55 - 2)) + 3.
65
Evaluate (45 - 10 - 11) + -39 + 22.
7
Evaluate 21 + (-9 - 2) + (8 - (-3 - (4 + -10))).
15
What is the value of 2 - 11 - (5 + -121 - -53)?
54
(94 - -5) + -169 - -128
58
What is the value of 10 + 11 + -10 + -19 + 19 - 67?
-56
Evaluate -3 + (-272 + 271 - (1 + (-1 - 10)) - 9).
-3
What is the value of 68 + (-4 - (4 - 2)) + (-28 - (39 + -68))?
63
What is 19 - 94 - -112 - 62?
-25
Evaluate 80 + (15 - (47 + 16)).
32
Calculate -1 + -17 - (-30 + 68 + -25).
-31
What is -26 - ((-91 - -174) + -56)?
-53
27 + 1 + 10 + -5 + -17 + (1 - -3)
20
Evaluate -62 + (103 - (2 + -17)).
56
What is the value of 73 + 0 + -45 + -25?
3
What is -56 + (-18 - -69) + -19?
-24
What is the value of 123 + -1 + (-2 + 9 - 14) - 10 - 10?
95
What is (-1 - 22) + -7 + 25 + -47?
-52
4 + 15 + -26 + (-1 - 2) - (6 + 11)
-27
What is 2 - (-286 + 152) - 83?
53
What is the value of 1444 + -1395 - (0 + 18)?
31
What is the value of -4 + 12 - (16 - (8 + 8 - 13))?
-5
What is (-49 - -11) + (5 - (-20 - -20))?
-33
Calculate -8 - -1 - (669 - 691) - (4 + 69).
-58
Calculate 1138 - 1143 - (-2 - (-1 + (2 - -3))).
1
Calculate -94 + (-3 - (6 - (6 - (12 + 0 + -4)))).
-105
3487 + -3460 + (-1 - 40)
-14
Calculate (-1 - -8) + 11 + -20 + (-1 + -13 - -112).
96
Evaluate -14 - ((-3 - 3) + -83 + 98 - (0 - -8)).
-15
Calculate -73 + 44 - ((2 - -2) + -5 - -2).
-30
What is the value of (2 - (-9 - -4)) + 180 + -166?
21
What is the value of -3 - (70 + -1) - (11 + (-23 - 3 - -26))?
-83
What is 71 - 1 - ((127 - 44) + -74)?
61
What is the value of 10 - (97 + -1 + 1 + -34 + (-16 - -39))?
-76
Evaluate 3 - (60 - 14 - 9).
-34
(62 + -76 - -94) + -32
48
Evaluate -65 + (23 - 38 - -30).
-50
0 - 0 - (54 + -19 + -26) - (-6 + -17)
14
What is (-40 - -82) + (8 + -14 - 3)?
33
Evaluate 106 - ((-37 - (-2 + -16)) + 2 - -1).
122
-13 - (-30 + -5 + 73 + -30)
-21
Evaluate 24 - (58 - (25 + -17 + 2)).
-24
Calculate -20 + (7 - 31 - -32) + -7.
-19
-37 + 1 + 18 + -6 + 5
-19
Evaluate (-5 - (0 - (-11 + 34))) + -4 + -90.
-76
What is the value of -10 + -3 - (-23 - -16 - 31)?
25
What is the value of (78 - 131) + 41 + (2 + -2 - -10)?
-2
Calculate (-3 - -2) + -61 + (604 - 581).
-39
Evaluate -14 + (-21 - 6) + -6 + 2.
-45
What is (1 - (9 - (7 - (9 - 7))) - 7) + -19?
-29
Calculate -55 + 94 + (-60 - -3).
-18
-2 - -128 - (10 + -32 + 12 + -25 + 21)
140
What is the value of 14 + -27 - (14 - 10) - (12 + 2)?
-31
Calculate (-47 - (55 - 120)) + 16.
34
What is 64 - (-24 - (-29 + -7)) - (-12 - (-1 + 2))?
65
Calculate (-15 - (-44 - -21)) + -20 - -108 - 9.
87
Evaluate -64 + (17 - (-6 + -4 + -1 + -1 + 22)).
-57
What is the value of 0 + 62 - (-133 - (17 + -172))?
40
Evaluate (125 - (-36 + 67)) + -70.
24
What is the value of 9 - (-6 + (-8 - -23) + -10 + -8)?
18
What is the value of 49 - -59 - -50 - 88?
70
Calculate (47 - (15 - -9)) + 10 + 25.
58
Evaluate -1 - -68 - (22767 + -22655).
-45
-44 + (-3 - (53 + -134))
34
-107 + (7 - (-6 + -1 + -200 + 195 + 13))
-101
What is the value of (7 - 5) + (473 - 527)?
-52
Calculate 7 - ((-6 - 7 - -58) + -1 + (5 - 1)).
-41
What is -80 + (-10 - (-39 - -82) - -29)?
-104
Evaluate (57 - 86) + -19 + 55.
7
What is the value of -76 + 5 + -2 - (-376 + 429 - (53 - 2))?
-75
Evaluate -11 - (-20 - 0 - 45 - -18).
36
Evaluate -41 + 0 + 7 + -4 + (-20 - -6) + 22.
-30
Calculate (-80 - -178) + 3 - 96.
5
What is 11 + -33 + (108 - 51)?
35
Evaluate -13 + -25 + 30 + 34 - (12 - (-1 + 2)).
15
Evaluate (10 - 4) + 1 + (24 - 19).
12
Calculate -3 + 6 + (13 - 61) + -3 + 13.
-35
What is the value of (20 + -18 - 19) + (-6 - -17)?
-6
Calculate (0 - -2 - (1 + -3 + 20)) + 84.
68
((23 - 3) + -12 - (7 + 1)) + 23 + -1
22
Calculate 15 + -14 - (-6 - (66 - 68)).
5
Evaluate (77 - 33) + -10 - 61.
-27
What is (-74 - -62) + (25 - -1) - (62 - -5)?
-53
Evaluate 103 - 90 - (10 + -2 - 2) - (5 + -40).
42
Evaluate (-42 - (-5 - -8)) + 86.
41
Calculate -73 + 46 + 36 - (52 + (2 - 1)).
-44
(6 - 3) + (419 - 423 - (1 + -12))
10
Calculate -112 - (-132 + 76